actor of f and 91?
13
Suppose 5*l - 80 = -5*t, 2*l + 30 = 3*t - 18. Suppose -2*g + 0*g = -288. What is the greatest common divisor of g and t?
16
Suppose -19 = -2*o - 2*u - 1, -5*u = -5*o + 5. Let k = -16 - -7. Let j = 54 + k. Calculate the highest common factor of j and o.
5
Suppose 0 = -c + 2*w - 5 + 19, -c + 3*w + 15 = 0. Suppose 0 = -f + 3*m + 48, -f = -3*f + m + 96. What is the greatest common factor of c and f?
12
Let s(g) = g**3 + 2*g**2 - 5*g. Let i be s(-4). Let h be (i/9)/(3/(-54)). Calculate the highest common divisor of 8 and h.
8
Suppose -18 = -x - j, -6*j - 54 = -3*x - j. Calculate the greatest common factor of x and 9.
9
Let j be (-28)/(-70)*(46 + -1). Calculate the highest common divisor of j and 144.
18
Suppose 0 = 5*c - 8*c - 3*y + 3, -4*c = 5*y - 2. Calculate the highest common divisor of c and 15.
3
Let q = 8 + -5. Suppose -q*f - 210 = -6*f. Let a = f - -7. What is the greatest common divisor of a and 7?
7
Let r(k) = -k**3 + 15*k**2 - 22*k - 45. Let h be r(13). Calculate the greatest common divisor of 119 and h.
7
Suppose -6*f + 80 = -4*f. What is the greatest common divisor of 5 and f?
5
Let o = -56 - -38. Let h be 652/6 - (-12)/o. Calculate the highest common divisor of 12 and h.
12
Suppose -5*y = -4*f + 280, 4*f + 0*f - 3*y = 288. Calculate the greatest common factor of f and 30.
15
Suppose 4*p = -2*h + 14, -2*h = -2*p + p + 6. Suppose -z - f = -21, 3*f = -p*z + 7*f + 92. Calculate the greatest common factor of z and 11.
11
Suppose -3*o - 228 + 33 = -3*u, -2*u - 2*o = -110. Let v be (-2)/5 - (-7164)/u. What is the greatest common factor of 17 and v?
17
Let s = 3 - 0. Let y be -3 - s - -3 - -25. What is the highest common divisor of y and 11?
11
Suppose -3*w = 4*p + 17, -3*p - 9 = -2*w + 3*w. Let d(x) = x**2 + 12*x + 8. Let t be d(-11). Let c = p - t. What is the greatest common divisor of c and 1?
1
Let h(r) = -r**2 + 1. Suppose -s = s. Let x be h(s). What is the greatest common factor of x and 1?
1
Let m(x) = -x**2 + 15*x + 13. Suppose -3*u + 4 = -41. Let c be m(u). Calculate the greatest common divisor of 52 and c.
13
Suppose -23*r + 21*r + 12 = 0. What is the greatest common divisor of 48 and r?
6
Let j = 12 - -56. Suppose -6 = -3*v, -3*b - 2*v = -110 - j. Let d = b + -10. Calculate the highest common factor of d and 6.
6
Let d(u) = u**2 - 5*u + 2. Let t be d(5). Suppose -20 = -7*j + t*j. Calculate the greatest common factor of 4 and j.
4
Suppose 3*v = -33 + 273. Calculate the highest common factor of 20 and v.
20
Suppose 4*h - 6 - 10 = 0. Suppose 0*a = -h*a + 592. Let f be (-1)/4 + a/16. Calculate the highest common factor of f and 45.
9
Suppose 4*l = -0*l + 2*z + 34, -l + z + 7 = 0. Suppose 2*v = 5*u + v - 253, -u + v = -53. Calculate the highest common divisor of l and u.
10
Suppose -20 = -0*l - 5*l. Let a be 12 + -4 - (-2 - -4). What is the greatest common factor of l and a?
2
Let h = -21 - -24. Suppose 4*c - 9 = h*c. Let p = 55 - 37. What is the greatest common factor of c and p?
9
Suppose -3*a + 25 = -2*j, -3*j = -a - 0*j + 6. Calculate the highest common factor of a and 1.
1
Suppose 0 = 5*h - h + 20. Let m(v) = v**3 + 5*v**2 + v - 5. Let q be m(h). Let j = 14 + q. Calculate the highest common factor of 10 and j.
2
Suppose 0 = -5*v - 2*c + 29, -4*c + 27 + 6 = 5*v. Suppose -9*f + 125 = -4*f. Calculate the highest common factor of f and v.
5
Let f be 96 - (0 - 0)/4. Suppose 0 = 4*g - 0*g - f. What is the greatest common factor of g and 96?
24
Let n = 22 - 15. Let u = 15 + n. Calculate the highest common factor of u and 176.
22
Let f = 12 - 2. Let k = 124 - 79. Suppose -k = -b - 5*y, -3*y + 13 = 4. Calculate the highest common factor of f and b.
10
Let i be -1*(-4 + 0/(-4)). Let d be 1/(1*2/i). Let n be 2/4*(0 - -2). What is the highest common factor of d and n?
1
Suppose 2*k = -4, -3*k = a - k + 2. Suppose -c - 88 = -a*c. Calculate the highest common factor of c and 11.
11
Suppose z + 2*z - 5*c - 475 = 0, 3*c + 813 = 5*z. Calculate the highest common divisor of 15 and z.
15
Let n = -26 - -43. Suppose 18 = 2*k + x, -2 - n = -k + 2*x. Let y = -23 - -34. Calculate the greatest common factor of y and k.
11
Let h(n) = n**3 + 7*n**2 + 8. Let u be h(-6). What is the greatest common divisor of 11 and u?
11
Let g(o) = 4*o**3 - 4*o**2 + 4*o - 3. Let c be g(2). Calculate the greatest common divisor of 21 and c.
21
Let d(g) = -g**3 + 4*g**2 + 5*g + 7. Let p be d(5). Let a(o) = -o**3 + 8*o**2 - 6*o - 1. Let m be a(p). Calculate the greatest common divisor of m and 6.
6
Let w = 168 + -150. Calculate the highest common factor of 216 and w.
18
Let a = -28 + 42. Suppose -i = -3*h - 26, i - 5*h - a = 18. Suppose -154 = -3*s + 101. Calculate the greatest common factor of i and s.
17
Let o(u) be the third derivative of -5*u**4/24 - 3*u**3/2 - 2*u**2. Let b be o(-4). What is the greatest common divisor of b and 44?
11
Suppose -4*s = -5*s + 18. What is the highest common divisor of s and 12?
6
Suppose 2*u - 3*o - 35 + 8 = 0, 2*u = 2*o + 28. Let w = 33 + u. Let q(z) = 3*z. Let r be q(4). What is the greatest common divisor of r and w?
12
Suppose 2*b - 72 = b. What is the highest common factor of 9 and b?
9
Let i = -4 + 7. Suppose i*v = -v. Let k be (22 - v)*(-3)/(-6). What is the highest common divisor of k and 77?
11
Let n be (4/(-6))/((-2)/6). Suppose -5*t - 95 = -2*j + 226, -2*t = -n*j + 330. Calculate the highest common factor of j and 21.
21
Let o(s) = 5*s + 6. Let w be o(6). Suppose -2*b + 5*f = -15, -3*b + 3*f - 7 = -5*b. Suppose b*v - 45 = -0*v. Calculate the greatest common divisor of v and w.
9
Let a(r) = r - 5. Let k be a(8). What is the greatest common divisor of k and 33?
3
Let h = 10 - 19. Let c = h + 14. What is the highest common factor of c and 55?
5
Let y be (-2 + (-14)/(-10))*-45. What is the greatest common factor of y and 9?
9
Let q(s) = 4*s**2 - 11*s - 3. Let w(z) = 6*z**2 - 17*z - 5. Let a(l) = 8*q(l) - 5*w(l). Let m be a(5). Calculate the highest common factor of 12 and m.
12
Let q(c) = -c**2 + 15*c - 41. Let l be q(10). Let v be 3/(-12) - 6/8. Let t = 2 + v. What is the highest common divisor of t and l?
1
Let t = 80 - 71. What is the greatest common divisor of t and 171?
9
Let z(u) = 4*u - 2. Let y be z(7). Calculate the highest common divisor of 104 and y.
26
Let o(r) = r**3 - 9*r**2 + 9*r + 7. Let c(j) = -j - 2*j - 9 + 2. Let b be c(-5). Let l be o(b). Calculate the greatest common factor of l and 30.
15
Let x = -393 - -223. Let m be (x/(-15))/(4/6). Let r = 9 - -127. What is the highest common divisor of r and m?
17
Let a = 8 - -10. What is the greatest common factor of 9 and a?
9
Let c be 8/1 + 1 + -4. Let l be 2/c + 144/15. What is the greatest common factor of 4 and l?
2
Let p(k) = 12*k + 4. Let h be p(1). What is the greatest common divisor of 256 and h?
16
Let y be 1 - ((-1)/1 + -1). Suppose -5*b + 8 = -3*x + 20, -y*b = 0. Calculate the greatest common divisor of 44 and x.
4
Let k(d) = -d**2 + 6*d + 3. Let f be k(3). Let s = -3 + f. Suppose 0 = 2*h + 3*r, -2*r + 7 = 4*h - 1. Calculate the highest common divisor of h and s.
3
Let q = 7 - 3. Let r(b) = 6*b + 9. Let d be r(6). Suppose -d = -3*x + 3*o - 9, -2*x = o - 36. Calculate the greatest common divisor of x and q.
4
Let w be (-2 - -3)*0/2. Let c be (w - 2)/(-1) - -6. Suppose -5*t + c = -7. Calculate the greatest common divisor of t and 2.
1
Let p = 2 + -3. Let y = p + 15. Calculate the highest common divisor of y and 7.
7
Let q(b) = -16*b + 11. Let a be q(-10). What is the greatest common factor of 19 and a?
19
Let w = -15 - -27. Calculate the highest common factor of 84 and w.
12
Suppose 2*v - 1 = v. Let j be (-9)/(-1)*v + 2. Let d = -14 - -91. What is the greatest common factor of d and j?
11
Let y(x) = 2*x**2 - 11*x + 5. Let c be y(8). Let n be 2/3*216/16. What is the highest common factor of c and n?
9
Suppose -4*f - 2*f = -12. What is the greatest common factor of 2 and f?
2
Suppose -4*w = 3*h - 0 - 12, h + 4*w = 4. Let u be h - (3 + -1 + -1). What is the greatest common divisor of u and 6?
3
Suppose 25*x - 29*x + 192 = 0. Calculate the highest common factor of 60 and x.
12
Let n = -1 - -3. Let w be 2/10 - (-42)/15. Suppose 0 = -w*m + 51 + 3. What is the greatest common divisor of n and m?
2
Suppose -4*r = -38 - 222. Calculate the greatest c